 141678?
1
What is the units digit of 203?
3
What is the ten thousands digit of 20155?
2
What is the tens digit of 539?
3
What is the ten thousands digit of 37718?
3
What is the hundreds digit of 1654?
6
What is the hundreds digit of 4712?
7
What is the tens digit of 84301?
0
What is the units digit of 22204?
4
What is the units digit of 2282?
2
What is the hundreds digit of 228?
2
What is the ten thousands digit of 25209?
2
What is the hundreds digit of 166?
1
What is the thousands digit of 28431?
8
What is the thousands digit of 18859?
8
What is the thousands digit of 68033?
8
What is the ten thousands digit of 27210?
2
What is the thousands digit of 7403?
7
What is the units digit of 46758?
8
What is the hundreds digit of 89606?
6
What is the ten thousands digit of 25271?
2
What is the hundreds digit of 114229?
2
What is the thousands digit of 1314?
1
What is the tens digit of 6203?
0
What is the units digit of 51712?
2
What is the ten thousands digit of 16386?
1
What is the tens digit of 1003?
0
What is the thousands digit of 2259?
2
What is the units digit of 472?
2
What is the units digit of 66955?
5
What is the thousands digit of 78105?
8
What is the hundreds digit of 56191?
1
What is the ten thousands digit of 12665?
1
What is the units digit of 317?
7
What is the hundreds digit of 1077?
0
What is the thousands digit of 5450?
5
What is the tens digit of 156389?
8
What is the tens digit of 270?
7
What is the ten thousands digit of 89362?
8
What is the hundreds digit of 1117?
1
What is the units digit of 5477?
7
What is the tens digit of 20367?
6
What is the thousands digit of 2385?
2
What is the tens digit of 8387?
8
What is the tens digit of 5427?
2
What is the tens digit of 97?
9
What is the tens digit of 46750?
5
What is the thousands digit of 48427?
8
What is the units digit of 30648?
8
What is the units digit of 6426?
6
What is the thousands digit of 1415?
1
What is the tens digit of 493?
9
What is the hundreds digit of 13187?
1
What is the tens digit of 10386?
8
What is the hundreds digit of 4882?
8
What is the hundreds digit of 3197?
1
What is the units digit of 8769?
9
What is the units digit of 4870?
0
What is the ten thousands digit of 22022?
2
What is the units digit of 4299?
9
What is the tens digit of 910?
1
What is the units digit of 141?
1
What is the tens digit of 70994?
9
What is the ten thousands digit of 16067?
1
What is the units digit of 5586?
6
What is the thousands digit of 2393?
2
What is the thousands digit of 2090?
2
What is the tens digit of 1268?
6
What is the hundreds digit of 20103?
1
What is the tens digit of 2511?
1
What is the thousands digit of 29364?
9
What is the hundreds digit of 54863?
8
What is the hundreds digit of 3675?
6
What is the ten thousands digit of 19560?
1
What is the tens digit of 1573?
7
What is the units digit of 728?
8
What is the hundreds digit of 325?
3
What is the hundreds digit of 846?
8
What is the hundreds digit of 3684?
6
What is the hundreds digit of 58036?
0
What is the thousands digit of 16985?
6
What is the ten thousands digit of 64124?
6
What is the units digit of 2798?
8
What is the units digit of 86874?
4
What is the ten thousands digit of 27831?
2
What is the tens digit of 44?
4
What is the ten thousands digit of 13299?
1
What is the hundreds digit of 192?
1
What is the units digit of 616?
6
What is the tens digit of 20805?
0
What is the tens digit of 19930?
3
What is the units digit of 786?
6
What is the units digit of 4323?
3
What is the units digit of 42564?
4
What is the tens digit of 1395?
9
What is the units digit of 168?
8
What is the hundred thousands digit of 138067?
1
What is the ten thousands digit of 19985?
1
What is the units digit of 9105?
5
What is the hundreds digit of 4629?
6
What is the thousands digit of 1270?
1
What is the thousands digit of 26518?
6
What is the units digit of 5731?
1
What is the hundreds digit of 782?
7
What is the hundreds digit of 7097?
0
What is the hundreds digit of 9570?
5
What is the hundreds digit of 8641?
6
What is the hundreds digit of 8309?
3
What is the units digit of 40386?
6
What is the hundreds digit of 5509?
5
What is the tens digit of 798?
9
What is the thousands digit of 15869?
5
What is the hundreds digit of 38135?
1
What is the thousands digit of 1082?
1
What is the hundred thousands digit of 128162?
1
What is the tens digit of 54757?
5
What is the tens digit of 312?
1
What is the thousands digit of 136192?
6
What is the thousands digit of 3186?
3
What is the ten thousands digit of 34189?
3
What is the hundreds digit of 69820?
8
What is the tens digit of 475?
7
What is the hundreds digit of 51086?
0
What is the units digit of 8387?
7
What is the units digit of 15818?
8
What is the thousands digit of 98416?
8
What is the hundreds digit of 4287?
2
What is the hundreds digit of 8251?
2
What is the hundreds digit of 947?
9
What is the tens digit of 500?
0
What is the tens digit of 6828?
2
What is the units digit of 9955?
5
What is the units digit of 96991?
1
What is the hundreds digit of 31975?
9
What is the ten thousands digit of 10754?
1
What is the tens digit of 1252?
5
What is the tens digit of 6164?
6
What is the units digit of 70050?
0
What is the tens digit of 8899?
9
What is the tens digit of 1006?
0
What is the tens digit of 596?
9
What is the thousands digit of 2044?
2
What is the tens digit of 7968?
6
What is the units digit of 819?
9
What is the units digit of 5207?
7
What is the thousands digit of 24665?
4
What is the hundreds digit of 2243?
2
What is the units digit of 264?
4
What is the units digit of 17912?
2
What is the ten thousands digit of 33175?
3
What is the tens digit of 878?
7
What is the tens digit of 366?
6
What is the ten thousands digit of 14529?
1
What is the thousands digit of 15107?
5
What is the hundreds digit of 496?
4
What is the hundreds digit of 782?
7
What is the tens digit of 396?
9
What is the thousands digit of 1891?
1
What is the ten thousands digit of 11165?
1
What is the hundreds digit of 24108?
1
What is the units digit of 4495?
5
What is the units digit of 60412?
2
What is the tens digit of 1595?
9
What is the tens digit of 8178?
7
What is the hundreds digit of 30587?
5
What is the units digit of 2071?
1
What is the tens digit of 1375?
7
What is the thousands digit of 9454?
9
What is the units digit of 1569?
9
What is the hundreds digit of 3104?
1
What is the hundreds digit of 925?
9
What is the thousands digit of 9689?
9
What is the units digit of 110236?
6
What is the hundreds digit of 18418?
4
What is the units digit of 1109?
9
What is the units digit of 59087?
7
What is the ten thousands digit of 18213?
1
What is the thousands digit of 1698?
1
What is the tens digit of 11982?
8
What is the units digit of 18?
8
What is the thousands digit of 72524?
2
What is the thousands digit of 32154?
2
What is the tens digit of 49236?
3
What is the thousands digit of 2791?
2
What is the units digit of 8728?
8
What is the units digit of 9661?
1
What is the hundreds digit of 20001?
0
What is the thousands digit of 43953?
3
What is the hundreds digit of 2016?
0
What is the tens digit of 442?
4
What is the thousands digit of 2846?
2
What is the units digit of 46721?
1
What is the units digit of 22835?
5
What is the hundreds digit of 5342?
3
What is the hundreds digit of 23293?
2
What is the hundreds digit of 59522?
5
What is the hundreds digit of 13765?
7
What is the ten thousands digit of 24532?
2
What is the tens digit of 23869?
6
What is the units digit of 87898?
8
What is the thousands digit of 112783?
2
What is the tens digit of 76295?
9
What is the units digit of 805?
5
What is the ten thousands digit of 23120?
2
What is the units digit of 45036?
6
What is the units digit of 1151?
1
What is the thousands digit of 3113?
3
What is the tens digit of 5808?
0
What is the hundreds digit of 6982?
9
What is the thousands digit of 9700?
9
What is the units digit of 6555?
5
What is the tens digit of 43106?
0
What is the hundreds digit of 26402?
4
What is the ten thousands digit of 20756?
2
What is the tens digit of 8461?
6
What is the thousands digit of 3200?
3
What is the units digit of 2821?
1
What is the thousands digit of 13213?
3
What is the thousands digit of 1196?
1
What is the 